 = -r**2 + 39*r + 73. Let t be h(38). What is the greatest common factor of 37 and t?
37
Let p(a) = a**3 + a**2 - a + 6. Let n be ((-10)/25)/(6/(-15)). Let i be n/(-5) - 3/(-15). Let o be p(i). What is the highest common factor of 54 and o?
6
Let z(a) = -a**2 + 16*a + 156. Let l be z(-6). What is the highest common divisor of 168 and l?
24
Let i = 551 + -334. Calculate the greatest common factor of i and 7.
7
Let m = 560 + -320. What is the highest common divisor of m and 40?
40
Let f = -115 - -525. Suppose -m + f = 3*t, -t + 0*t = -4*m - 115. Calculate the greatest common factor of 27 and t.
27
Let i = 24688 + -24674. Let h be (88/(-6))/(2/6). Let j = h + 86. Calculate the highest common divisor of i and j.
14
Let k = 754 - 723. What is the highest common factor of k and 31?
31
Suppose 0 = -3*c - 2*l + 307, c - 135 = -4*l - 46. Suppose 140 = 7*n - 5*n. Calculate the greatest common factor of n and c.
35
Let v = -3 - -21. Let r = v + -24. Let h be -4 - (5 - 3)*r. Calculate the highest common factor of h and 56.
8
Suppose 26*v - 2670 - 6196 = 0. Calculate the highest common divisor of 77 and v.
11
Suppose 0 = -m + 3*m - 4, 2*z = 4*m + 22. Suppose 0 = -4*y - 59 + z. Let a = 19 + y. Calculate the greatest common divisor of 72 and a.
8
Suppose 73 = 2*v - 3*n, 4*v - n = 174 - 3. What is the highest common divisor of v and 28?
4
Let b be -4 + 6*224/6. What is the greatest common factor of b and 5?
5
Let y(c) = 1 + 3 - 26 - 7*c. Let p be y(-5). Calculate the greatest common factor of 39 and p.
13
Suppose -3*i + 2*x = 5*x - 780, 0 = x - 4. What is the greatest common factor of 32 and i?
32
Let g be -2 + 2/(-2) - (61 - 80). What is the greatest common divisor of g and 20?
4
Suppose 9*g - 88 = 38. Suppose 4*x - 701 = 51. Let w = x + -132. What is the highest common factor of g and w?
14
Let d = -3133 - -3155. Let n = -46 - -79. What is the highest common factor of d and n?
11
Let k(r) = 7*r**2 - r + 4. Let c be k(-3). Let m = -11525 + 11560. Calculate the highest common divisor of c and m.
35
Let s be ((-37)/3)/((-10)/180). What is the highest common divisor of s and 148?
74
Let o be 1/((-8)/3 + 3). Let k be -2 + 16 - (o + -3). What is the greatest common divisor of k and 7?
7
Suppose -53*w - 12 = -56*w. Suppose -3*b - 75 = -w*s, -4*s - b + 2*b = -73. Calculate the highest common divisor of 180 and s.
18
Let v(p) = -236*p**3 + 2*p. Let y be v(-1). Calculate the highest common factor of 18 and y.
18
Let r(p) = -p**3 + 14*p**2 - 12*p - 9. Let i be r(13). Suppose -i*x - 10 = -34. Calculate the highest common divisor of 60 and x.
6
Let g = 878 - -1090. Calculate the highest common divisor of g and 123.
123
Suppose -j + 16*y + 28 = 14*y, 5*y = -25. Suppose -10 = 4*w - 9*w. Suppose w*x - 270 = -x. Calculate the greatest common divisor of x and j.
18
Let c(o) = o + 14. Let n be 12/(-15)*25/2. Let j be c(n). Suppose -h + 2*h = -i, -j*i - 12 = h. Calculate the highest common divisor of 44 and h.
4
Let b be (-124)/(-6)*((-15)/(-2) - 3). What is the highest common divisor of b and 3?
3
Let j be -5*(-2 + -1 + 2). Suppose -41 = j*o - 131. Calculate the greatest common factor of o and 6.
6
Let j = 533 + -511. Let p = -402 + 578. Calculate the highest common divisor of j and p.
22
Let f be 6 + 6*(-3)/(-6). Let k(o) = -6*o - 36. Let i be k(-21). What is the highest common divisor of i and f?
9
Let j = 576 + -575. What is the highest common factor of j and 64?
1
Let r be ((-1)/((-3)/(-132)))/(4 - 3). Let h = r - -84. What is the greatest common divisor of 4 and h?
4
Suppose 2*c = -0*c - 4*o + 10, 4*c - 4*o - 20 = 0. Let a be 1 + -3 - (0 + -2). Let b = a + 55. Calculate the greatest common factor of c and b.
5
Let m = 30 + -24. Let o(r) = r**3 - 4*r**2 - 10*r. Let q be o(m). Let t(s) = -6*s**3. Let a be t(-1). What is the highest common divisor of q and a?
6
Let t(p) = -5*p + 40. Let z be t(0). Let q = -28 + 36. What is the greatest common divisor of z and q?
8
Let t = -48 - -58. Suppose t*b - 5*b = 65. Calculate the greatest common divisor of b and 52.
13
Let m(o) = -2*o + 24. Let w be m(6). Calculate the greatest common factor of w and 14.
2
Let h = -403 - -547. Calculate the greatest common factor of h and 360.
72
Let a = -217 + 142. Let s = a - -113. Calculate the greatest common divisor of s and 152.
38
Let x(y) = 5*y + 5. Let z be x(6). Let d(o) = 2*o - 4*o + 1 + o**2 + 0*o - 3*o. Let c be d(6). Calculate the highest common factor of z and c.
7
Let p(t) = 2*t**2 + 76*t - 2. Let c be p(-39). Calculate the highest common divisor of c and 1026.
38
Let w be ((-8)/12)/((-4)/90). Suppose 1480 = 32*j + 40. Calculate the highest common factor of j and w.
15
Let a be ((-56)/(-12))/((-4)/6). Let h = a + 11. Suppose -h*m - 3 = -19. Calculate the greatest common divisor of 8 and m.
4
Suppose -4*v - 511 = 5*g, -5*g - 263 - 255 = -3*v. Let w = -90 - g. What is the greatest common divisor of w and 26?
13
Suppose v - 4*d + 5 = 4, 2*d - 83 = -5*v. Suppose -5*c - q + 52 = -49, -v = -c + 5*q. Calculate the greatest common divisor of c and 20.
20
Suppose 626 = 5*x - 3*r, 4*r + 256 = -17*x + 19*x. Calculate the greatest common factor of x and 62.
62
Let j(h) = 2*h**2 + 27*h - 75. Let c be j(-16). Suppose -38 = -2*q - 8. What is the greatest common factor of c and q?
5
Let w(t) = -t**2 + 25*t - 55. Let h be w(26). Let z = 116 + h. Calculate the greatest common divisor of z and 7.
7
Let o = -1 + 2. Let h(u) = -9*u - 15. Let d be h(-2). Suppose -f = -d - o. Calculate the greatest common factor of f and 32.
4
Let w be ((-45)/5)/((-3)/3). Calculate the highest common divisor of w and 117.
9
Suppose 0 = -2*r + 4, 2*f = f + 4*r + 20. What is the greatest common factor of f and 144?
4
Let p be (0/(-4 + 0))/4. Suppose -2*i + 40 = -i - 2*c, -5*c - 10 = p. Calculate the greatest common factor of 72 and i.
36
Let f(d) = -5*d - 131. Let o be f(-29). What is the highest common divisor of o and 322?
14
Let g = 269 - 151. Suppose 7*t + 174 = 5*u + 3*t, 0 = 3*u + t - g. What is the greatest common factor of 57 and u?
19
Let j = 30 - 18. Suppose -2*q + 4*v - 1 = -23, 2*q = -3*v - 13. Let o be q/(2 - (-20)/(-12)). Calculate the highest common factor of j and o.
3
Suppose -11*c + 4*y = -14*c + 1444, 3*y = 12. What is the greatest common divisor of 28 and c?
28
Let u(z) = -5*z - 64. Let b be u(-12). Let d be (4 - 0 - 3)/(b/(-96)). What is the greatest common divisor of 36 and d?
12
Suppose -19 - 17 = -4*l. Let a(k) = 4*k - 13. Let q be a(10). What is the greatest common divisor of l and q?
9
Suppose -111 = -2*n + 3*s - 36, -s + 55 = 2*n. Let o = 49 + -47. Suppose -o*h = h - 45. Calculate the greatest common factor of h and n.
15
Let h(g) = 20*g**3 + g**2 - g. Let i be h(1). Let f = i - -20. Suppose -6*d + 48 = 18. Calculate the greatest common factor of d and f.
5
Let i = 531 + -379. What is the greatest common divisor of 19 and i?
19
Suppose -2*t + 60 = 2*t + 3*g, -2*g - 8 = 0. Suppose 3*x + 392 - 473 = 0. Calculate the greatest common factor of x and t.
9
Let d(s) = -61*s - 20. Let k be d(-4). Calculate the greatest common divisor of k and 32.
32
Let h be ((-8)/10)/((-12)/120). Let z be -2*2*-2 + 0. What is the highest common divisor of z and h?
8
Let b be 90846/515 + (-2)/(-5)*-1. What is the highest common factor of 1144 and b?
88
Let x(l) = -l**3 + 6*l**2 + 13*l - 11. Let h be x(7). Suppose h - 17 = g. What is the highest common divisor of g and 2?
2
Let n(s) = -s**2 + 20*s + 9. Let b be n(15). Let r = -46 - -58. What is the greatest common factor of r and b?
12
Suppose -v = -n - 11, 2*v - 5*n + 9 = v. Suppose 5*i - 735 = -5*d, -5*i - 20*d = -21*d - 717. What is the greatest common factor of v and i?
16
Let o(i) = i**2 + 11*i - 78. Let g be o(-24). What is the highest common divisor of g and 26?
26
Let u(n) = 3*n**2 - 2*n + 3. Let h be u(2). Let t(k) = k**3 + 39*k**2 + 71*k - 34. Let b be t(-37). Calculate the highest common factor of h and b.
11
Let d be -25 + 2 + (-2)/(-1). Let n be 3 - d/4*(10 - 6). What is the highest common divisor of 12 and n?
12
Let c = -44 - -40. Let q be (2/c)/(10/(-160)). Calculate the highest common factor of q and 64.
8
Let w be -38*(-9)/6 + -3. Let i be 2/(-6) - 40/(-12). Suppose 4*a + o - 34 = i*o, 3*a = -o + 13. What is the highest common factor of a and w?
6
Let b